-13 - -39. What is the remainder when 75 is divided by j?
23
What is the remainder when 86 is divided by (-50)/((-6)/3) + -3?
20
Let p(l) = -l**2 - 7*l + 7. Let t be p(-7). Suppose 4*f + 2*j - 35 = t*j, f = 4*j - 5. Calculate the remainder when 29 is divided by f.
14
Let z be 39/(-9)*(0 + -3). Let a = z + -9. What is the remainder when 6 is divided by a?
2
Let w(i) = -2*i + 5. Calculate the remainder when 21 is divided by w(-5).
6
Suppose -20*g = -16*g - 72. Let u(t) = 4*t + 2. What is the remainder when u(8) is divided by g?
16
Let i(d) = -d**3 + 4*d**2 - 4. Let k be i(4). What is the remainder when 31 is divided by k/(-8) - 99/(-6)?
14
Suppose 4*u - u - 12 = 0. Suppose -u*j + 4 = -36. What is the remainder when 37 is divided by j?
7
Suppose -b + 2 = a, -3*b - 4*a + 3 = -1. Suppose -4*d = -0*u - 3*u - 2, -b*u + 2*d = -4. What is the remainder when u/(-6) + (-146)/(-6) is divided by 13?
11
Let y = -5 - -6. What is the remainder when 19 is divided by (3/((-6)/(-20)))/y?
9
Let u(t) = t**2 - 4*t + 3. Let a be u(2). Let h = 3 + a. Suppose -h*i + 28 = -2. What is the remainder when 29 is divided by i?
14
Suppose 5*q = -4*v + 37, -2*v + q + 16 = 3*q. Suppose 0 = -2*c + v + 5. Calculate the remainder when 7 is divided by c.
3
Let g be ((-18)/3)/(-3 + 1). Suppose -g*j + 3*y + 84 = 0, 5*j - 4*j + 3*y = 28. What is the remainder when j is divided by 15?
13
Let j(t) = 2*t**2 - 11*t + 8. What is the remainder when j(9) is divided by 18?
17
Suppose 2*u + 6 = 60. What is the remainder when 53 is divided by u?
26
Let z = 19 - 14. What is the remainder when 7 is divided by z?
2
Let v = 21 - 9. Calculate the remainder when v is divided by 5.
2
Suppose 3*g = -j + 63, 5*g + 99 = 2*j - 60. Suppose -m = -5*m + j. What is the remainder when 33 is divided by m?
15
Suppose -d + 51 = 12. What is the remainder when 115 is divided by d?
37
Suppose -3*b = 4*k - 36, -b + 13 = k + 5. Suppose -z = q - k, -4*q + 3*q + 39 = 4*z. Calculate the remainder when 16 is divided by z.
7
Suppose 23 = 4*j + 3*k, 4*j - k - 3*k = -12. Suppose i - j*i + 5 = -t, i = -5*t - 7. What is the remainder when 10 is divided by i?
1
Suppose -5*x - u = -22, 4*u = 2*x + u - 19. Suppose 2*l - 90 = 2*m, -x*l + 222 = -4*m - 0*m. Calculate the remainder when l is divided by 11.
9
Let o(q) = q**2 - 4*q - 4. Let w be o(5). Let b be 3/(w + (-2)/8). Calculate the remainder when (-69)/(-6) - (-6)/b is divided by 5.
3
Suppose 3*j = -3 - 3, -t - 4 = 2*j. Suppose t = -3*l + 5*x + 47, l + 4*x = -0*x - 7. Calculate the remainder when 35 is divided by l.
8
Suppose 2*i = -i + 36. Suppose 3*o + 2*q - 64 = 0, -44 = -4*o - 2*q + 42. Calculate the remainder when (1 + o)/((-4)/(-4)) is divided by i.
11
Let h(n) = 2*n**2 - 3*n + 4. Suppose 0 = 4*j + 3 - 15. Suppose -j = -w + 35. Calculate the remainder when w is divided by h(3).
12
Suppose k - 98 = 56. Calculate the remainder when k is divided by 31.
30
Suppose 3*k = -4*p + 1, 0*p - 5*k = -4*p + 41. Calculate the remainder when 85 is divided by p.
1
Suppose 445 = -74*m + 79*m. What is the remainder when m is divided by 15?
14
Let w = 7 + -4. Suppose -4*o - o = -4*i - 91, -72 = 3*i - w*o. Let g = -6 - i. Calculate the remainder when g is divided by 12.
11
Suppose 8 = 2*d + 2. Suppose d*z = -2*o + 75, -o - 13 = -z + 17. Suppose m - 316 = -3*m. Calculate the remainder when m is divided by z.
25
Let c = -19 + 50. What is the remainder when 89 is divided by c?
27
Let h(m) = m**2 - m - 2. Let c be h(0). Let x(z) = 4*z**2. Let f be x(-2). Let s = c + f. Calculate the remainder when s is divided by 8.
6
Suppose 0 = -2*b + b + 5*y + 31, 0 = 2*b - 4*y - 38. Let j = b + -4. What is the remainder when 20 is divided by j?
6
Suppose w + 30 = 5*a + 3*w, 4*w = 0. Suppose -3*z = -a*z + h + 7, 4 = 4*z + 4*h. Calculate the remainder when 5 is divided by z.
1
Suppose -4*z + k = -21, 29 = 2*z + 3*z - 4*k. Let l be 22/z - (-6)/(-15). Suppose 0 = -l*r + r + 18. What is the remainder when 10 is divided by r?
4
Suppose 2*o - 4*x - 104 = -6*x, 5*o - 5*x = 230. What is the remainder when 146 is divided by o?
48
Let r be 84/35 - 4/10. Let n(f) = -4*f**2 + f + 2. Let i be n(r). Calculate the remainder when (-214)/(-8) - 3/i is divided by 15.
12
Let b = -95 + 104. Calculate the remainder when 31 is divided by b.
4
Let r(l) be the third derivative of -l**6/60 - l**5/15 - l**4/24 + l**3/6 + 2*l**2. Calculate the remainder when r(-3) is divided by 12.
10
Suppose 5*a + 101 = 4*m, 3*m - 6 = 2*a + 75. Let v(r) = r + 9. What is the remainder when m is divided by v(6)?
14
Let s(l) = -l**2 - 25*l + 89. What is the remainder when 8 is divided by s(-28)?
3
Suppose h = -6*h + 49. Calculate the remainder when 14 is divided by h.
0
Suppose 7 = -r + 5*t + 45, -5*r + 132 = 4*t. Calculate the remainder when r is divided by 6.
4
Calculate the remainder when 103 is divided by 1 - (-16 - (0 + 4)).
19
Let n = -2 + 5. Suppose -3*q + 4*m = -54, n*q - m = 86 - 23. Calculate the remainder when 86 is divided by q.
20
Suppose 4*a + 49 = 5. Let c = 17 + a. Calculate the remainder when 9 is divided by c.
3
What is the remainder when 14 is divided by 3/1 + (0 - -1)?
2
Calculate the remainder when ((-858)/(-26))/((-3)/(-7)) is divided by 28.
21
Suppose 5*z + 6 = 111. Let v = -18 + z. Calculate the remainder when 4 is divided by v.
1
Let f = 280 + -101. What is the remainder when f is divided by 36?
35
Let v(p) = -2*p + 4*p + 6 - 1 + 4*p**2. What is the remainder when v(-4) is divided by 21?
19
Calculate the remainder when 37 is divided by -3*(-11)/((-165)/(-100)).
17
Let k(c) = 0 + 5 - c - 2 + 4. Suppose -2*d + 7 + 57 = 0. Calculate the remainder when d is divided by k(-10).
15
Let i be -10*(14/(-4) - -3). Suppose 4*v = i*n + 136, n = v - 2 - 31. Calculate the remainder when v is divided by 10.
9
Let z(l) = 2*l**2 - 9 + l**2 + 0*l**3 + 3*l - l**3 + 4*l**2. What is the remainder when 33 is divided by z(7)?
9
Suppose 0 = -h + 5*t - 11 + 33, -4*t - 56 = -4*h. What is the remainder when 32 is divided by h?
8
Suppose 17 = 5*l - 18. What is the remainder when l is divided by 2?
1
Calculate the remainder when 126 is divided by 384/30 - 4/(-20).
9
Let t = -46 - -77. Suppose t = -4*w - x + 183, -2*w - 3*x = -86. Let y(z) = -18*z**3 + z**2. What is the remainder when w is divided by y(-1)?
18
Let q(d) = -23*d - 134. Let u(j) = 9*j**2 - 2*j - 1. Calculate the remainder when u(-1) is divided by q(-6).
2
Let y(n) = -n**3 - n**2 + 6*n + 5. Let w(j) = j**3 - 3*j**2 - j - 2. What is the remainder when y(-4) is divided by w(4)?
9
Let t(g) = 3*g**2 - 2*g. Let s be t(-3). Suppose -5*c + s = -2*c. What is the remainder when ((-3)/(-6))/((-1)/(-64)) is divided by c?
10
Let c = -12 + 19. Calculate the remainder when c is divided by 4.
3
Let d(p) = -2*p - 6. Let w = -11 - -6. What is the remainder when 13 is divided by d(w)?
1
Suppose -3*k + 8 = -k. Let o(a) = 4*a**2 - 5*a - 2. What is the remainder when o(k) is divided by 11?
9
Let g(n) = 2*n - 5. Let a be g(5). Let u(k) = -k**3 + 7*k**2 - 5*k + 1. What is the remainder when u(a) is divided by 14?
12
Calculate the remainder when 10*((-12)/(-3) - -1) is divided by 13.
11
Suppose -4*a + 49 = 2*v - 197, 3*v - 4*a - 379 = 0. Calculate the remainder when v is divided by 32.
29
Let l(p) = p**3 - 7*p**2 + 10*p - 9. Let b(k) = -5 + 2 + 4 + 7*k. What is the remainder when l(6) is divided by b(1)?
7
Suppose 2*r + 21 = 5. Let m(i) = i**3 + 7*i**2 - 10*i - 5. What is the remainder when (2 - -3)/((-2)/(-8)) is divided by m(r)?
9
Let z be (-1 - 1)/(4/(-42)). Suppose -j + 0*j + z = 4*v, 6 = 2*j - 4*v. Calculate the remainder when 16 is divided by j.
7
Let n = -21 + 62. What is the remainder when 80 is divided by n?
39
Let m be (-2)/1 + 6 + -1. Suppose 2*t - 170 = -m*t. What is the remainder when t is divided by 12?
10
Suppose 3*k + 105 = 5*g, 5*k + g + g = -144. Let u = -19 - k. What is the remainder when 31 is divided by u?
9
Calculate the remainder when 2*-1*(-123)/6 is divided by 14.
13
Suppose 0 = -m - 10 + 12. What is the remainder when 37 is divided by m + -4 + 5*3?
11
Suppose 0*h - 594 = -9*h. Suppose 2*i - 35 = -1. Calculate the remainder when h is divided by i.
15
Suppose 5*s = -i + 15, 5*s = -i + 6*s + 21. Let l = -14 + i. Let b(g) = -g**2 + g + 17. Calculate the remainder when b(0) is divided by l.
5
S